{"id":872,"date":"2016-01-10T17:50:06","date_gmt":"2016-01-10T17:50:06","guid":{"rendered":"https:\/\/xerograf.pl\/?post_type=product&#038;p=872"},"modified":"2016-01-10T17:52:05","modified_gmt":"2016-01-10T17:52:05","slug":"develop-ineo227287367","status":"publish","type":"product","link":"https:\/\/xerograf.pl\/?product=develop-ineo227287367","title":{"rendered":"DEVELOP ineo227\/287\/367"},"content":{"rendered":"<ul>\n<li>Wyj\u0105tkowo prosta i ergonomiczna obs\u0142uga<\/li>\n<li>Wygodne funkcje optymalizuj\u0105ce prac\u0119<\/li>\n<li>Obs\u0142uga gramatur do 220\u00a0g\/m2<\/li>\n<li>Liczne mo\u017cliwo\u015bci wyka\u0144czania<\/li>\n<li>Nieprzeci\u0119tne mo\u017cliwo\u015bci konfiguracji i dostosowania<\/li>\n<li>Rozdzielczo\u015b\u0107 druku 1800\u00d7600 dpi<\/li>\n<li>Oryginalny, nowoczesny wygl\u0105d<\/li>\n<\/ul>\n<table width=\"100%\">\n<tbody>\n<tr>\n<td colspan=\"2\"><strong>Specyfikacja urz\u0105dzenia<\/strong><\/td>\n<\/tr>\n<tr>\n<td>Budowa<\/td>\n<td>Konsolowa z wbudowanym skanerem<\/td>\n<\/tr>\n<tr>\n<td>Szybko\u015b\u0107 kopiowania<\/p>\n<p>227\/287\/367<\/td>\n<td>I<span style=\"color: #ff0000;\">NEO 287<\/span> A4: max. 28 str.\/min. \u00a0 \u00a0 \u00a0 \u00a0 \u00a0 \u00a0<span style=\"color: #ff0000;\"> INEO 227<\/span> \u00a0A4: max. 28 str.\/min. A3: max. 14 str.\/min.<br \/>\nA3: max. 14 str.\/min. \u00a0 \u00a0 \u00a0 \u00a0 \u00a0 \u00a0 \u00a0 \u00a0 \u00a0 \u00a0 \u00a0 \u00a0 \u00a0 \u00a0 \u00a0<span style=\"color: #ff0000;\">INEO 367<\/span> \u00a0A4: max. 36 str.\/min\u00a0\u00a0A3: max. 18 str.\/min.<\/td>\n<\/tr>\n<tr>\n<td>Szybko\u015b\u0107 drukowania<\/td>\n<td><span style=\"color: #ff0000;\">NEO 287<\/span> A4: max. 28 str.\/min. \u00a0 \u00a0 \u00a0 \u00a0 \u00a0 \u00a0 I<span style=\"color: #ff0000;\">NEO 227<\/span> \u00a0A4: max. 28 str.\/min. A3: max. 14 str.\/min.<br \/>\nA3: max. 14 str.\/min. \u00a0 \u00a0 \u00a0 \u00a0 \u00a0 \u00a0 \u00a0 \u00a0 \u00a0 \u00a0 \u00a0 \u00a0 \u00a0 \u00a0\u00a0<span style=\"color: #ff0000;\">INEO 367<\/span> \u00a0A4: max. 36 str.\/min\u00a0\u00a0A3: max. 18 str.\/min.<\/td>\n<\/tr>\n<tr>\n<td>System kopiowania<\/td>\n<td>Laser<\/td>\n<\/tr>\n<tr>\n<td>Skala szaro\u015bci<\/td>\n<td>256<\/td>\n<\/tr>\n<tr>\n<td>Zasobniki papieru<\/td>\n<td>&#8211; Standardowo: 1110 arkuszy, maksymalnie 3600 arkuszy<br \/>\n&#8211; 2 uniwersalne kasety na papier (1 kaseta A5-A4, 2 kaseta A5-A3, 60-220 g\/m\u00b2)<br \/>\n&#8211; Podajnik r\u0119czny na 100 arkuszy (A5-A3, 60-220 g\/m\u00b2) na zwyk\u0142y papier, koperty, folie OHP, gruby papier.<\/td>\n<\/tr>\n<tr>\n<td>Dupleks<\/td>\n<td>A5-A3, 60-209\u00a0g\/m\u00b2<\/td>\n<\/tr>\n<tr>\n<td>Pokrywa orygina\u0142u<\/td>\n<td>opcja<\/td>\n<\/tr>\n<tr>\n<td>Format papieru<\/td>\n<td>A6-A3<\/td>\n<\/tr>\n<tr>\n<td>Gramatura papieru<\/td>\n<td>60-220 g\/m\u00b2<\/td>\n<\/tr>\n<tr>\n<td>Marginesy<\/td>\n<td>G\u00f3ra: 4.2mm, d\u00f3\u0142: 3mm, boki: 3mm<\/td>\n<\/tr>\n<tr>\n<td>Czas nagrzewania<\/td>\n<td>20 sekund<\/td>\n<\/tr>\n<tr>\n<td>Wymiary<\/td>\n<td>585x660x735 mm (bez opcji)<\/td>\n<\/tr>\n<tr>\n<td>Waga<\/td>\n<td>ok 56.5 kg (bez opcji)<\/td>\n<\/tr>\n<tr>\n<td>Zasilanie<\/td>\n<td>220-240 V \/ 50\/60Hz<\/td>\n<\/tr>\n<tr>\n<td colspan=\"2\"><strong>Specyfikacja kopiarki<\/strong><\/td>\n<\/tr>\n<tr>\n<td>Podajnik dokument\u00f3w<\/td>\n<td>DF-628 (max. 100 arkuszy, A6S-A3S, max 128g\/m\u00b2).<\/td>\n<\/tr>\n<tr>\n<td>Wielokrotno\u015b\u0107 kopiowania<\/td>\n<td>1-9999<\/td>\n<\/tr>\n<tr>\n<td>Pomniejszenie\/powi\u0119kszenie<\/td>\n<td>25% \u2013 400% krokowo co 0.1%<\/td>\n<\/tr>\n<tr>\n<td>Czas uzyskania pierwszej kopii A4<\/td>\n<td>5.3\u00a0s<\/td>\n<\/tr>\n<tr>\n<td>Pami\u0119\u0107 urz\u0105dzenia<\/td>\n<td>2 GB<\/td>\n<\/tr>\n<tr>\n<td>Dysk Twardy<\/td>\n<td>250 GB<\/td>\n<\/tr>\n<tr>\n<td>Rozdzielczo\u015b\u0107<\/td>\n<td>max. 1800 x 600 dpi (z technologi\u0105 wyg\u0142adzania), tryb wysokiej jako\u015bci 1200\u00d71200 dpi<\/td>\n<\/tr>\n<tr>\n<td>Funkcje kopiarki<\/td>\n<td>Rozdzia\u0142y, ok\u0142adki i wstawianie stron, wydruk pr\u00f3bny, funkcje kreatywne, pami\u0119\u0107 funkcji, tryb plakatu, powtarzanie obrazu, nak\u0142adki (opcja), stemplowanie<\/td>\n<\/tr>\n<tr>\n<td colspan=\"2\"><strong>Specyfikacja drukarki<\/strong><\/td>\n<\/tr>\n<tr>\n<td>Kontroler<\/td>\n<td>standard: wbudowany kontroler 1.2 GHz<\/td>\n<\/tr>\n<tr>\n<td>Pami\u0119\u0107<\/td>\n<td>2 GB<\/td>\n<\/tr>\n<tr>\n<td>Rozdzielczo\u015b\u0107<\/td>\n<td>max. 1800 x 600 dpi (z technologi\u0105 wyg\u0142adzania)<\/td>\n<\/tr>\n<tr>\n<td>Karta sieciowa<\/td>\n<td>10BaseT\/100BaseT\/1000BaseT<\/td>\n<\/tr>\n<tr>\n<td>Protoko\u0142y sieciowe<\/td>\n<td>TCP\/IP (IPv4\/IPv6),\u00a0FTP, SMB, SMTP, WebDAV<\/td>\n<\/tr>\n<tr>\n<td>J\u0119zyk opisu strony<\/td>\n<td>PCL6 (Ver. 3.0); PCL 5; PostScript 3, XPS<\/td>\n<\/tr>\n<tr>\n<td>Interfejsy<\/td>\n<td>10BaseT\/100BaseTX\/1000BaseT, USB 2.0, WiFi 802.11b\/g\/n (opcja)<\/td>\n<\/tr>\n<tr>\n<td>Sterowniki<\/td>\n<td>Windows Vista\/7\/8\/8.1 (32\/64 bit), Windows Server 2003\/2003R2\/2008\/2008R2 (32\/64 bit), Windows Server 2012\/2012R2 (64), Mac OS X\u00a010.x, Unix, Linux, Citrix<\/td>\n<\/tr>\n<tr>\n<td>Funkcje drukarki<\/td>\n<td>Druk bezpo\u015bredni dokument\u00f3w PCL, PS, TIFF, XPS, OOXML i PDF, tryb nak\u0142adania obrazu, ok\u0142adka, znak wodny, carbon copy (funkcja \u201ekalki\u201d), mixmedia, mixplex.<\/td>\n<\/tr>\n<tr>\n<td colspan=\"2\"><strong>Specyfikacja skanera<\/strong><\/td>\n<\/tr>\n<tr>\n<td>Rodzaj skanowania<\/td>\n<td>Skanowanie do: e-mail\/FTP\/BOX (HDD), SMB\/WebDAV\/Me\/Home\/USB\/DPWS, Network Twain<\/td>\n<\/tr>\n<tr>\n<td>Rozdzielczo\u015b\u0107<\/td>\n<td>max. 600 dpi<\/td>\n<\/tr>\n<tr>\n<td>Szybko\u015b\u0107 skanowania<\/td>\n<td>max. 45\u00a0orygina\u0142\u00f3w na minut\u0119<\/td>\n<\/tr>\n<tr>\n<td>Rozmiar orygina\u0142\u00f3w<\/td>\n<td>max. A3<\/td>\n<\/tr>\n<tr>\n<td>Format skanowania<\/td>\n<td>TIFF, PDF, PDF kompaktowy, JPG, XPS, XPS kompaktowy, PPTX, przeszukiwalny PDF, PDF\/A, linearyzowany PDF<\/td>\n<\/tr>\n<tr>\n<td colspan=\"2\"><strong>Specyfikacja faksu (opcja)<\/strong><\/td>\n<\/tr>\n<tr>\n<td>Kompatybilno\u015b\u0107<\/td>\n<td>G3\/Super G3, MH, MR, MMR, J-BIG\/ECM, IPFAX, (iFax standard)<\/td>\n<\/tr>\n<tr>\n<td>Wielko\u015b\u0107 i szybko\u015b\u0107 transferu<\/td>\n<td>33,6 kbps<\/td>\n<\/tr>\n<tr>\n<td>Pami\u0119\u0107<\/td>\n<td>u\u017cywa pami\u0119ci systemowej<\/td>\n<\/tr>\n<tr>\n<td>Funkcje faksu<\/td>\n<td>Polling, przesuni\u0119cie czasowe, PC-Fax, odbieranie do: tajnego folderu, e-mail, FTP, SMB.<\/td>\n<\/tr>\n<tr>\n<td colspan=\"2\"><strong>Opcje<\/strong><\/td>\n<\/tr>\n<tr>\n<td><\/td>\n<td>Automatyczny podajnik dokument\u00f3w\u00a0(100 arkuszy)<\/td>\n<\/tr>\n<tr>\n<td><\/td>\n<td>Pokrywa orygina\u0142\u00f3w<\/td>\n<\/tr>\n<tr>\n<td><\/td>\n<td>Finiszer wbudowany (zszywanie do 50 arkuszy, taca wyj\u015bcia na 500 arkuszy, opcjonalnie modu\u0142 dziurkacza 2-4 otwory.<\/td>\n<\/tr>\n<tr>\n<td><\/td>\n<td>Finiszer wolnostoj\u0105cy (zszywanie do 50 arkuszy, taca wyj\u015bcia na 3300 arkuszy, opcjonalnie modu\u0142 dziurkacza 2-4 otwory, modu\u0142 broszuruj\u0105cy (zszywanie na \u015brodku arkusza)<\/td>\n<\/tr>\n<tr>\n<td><\/td>\n<td>Separator prac (max 200 \u2013 150\/50 arkuszy)<\/td>\n<\/tr>\n<tr>\n<td><\/td>\n<td>Dodatkowa kaseta na 500 arkuszy<\/td>\n<\/tr>\n<tr>\n<td><\/td>\n<td>Dodatkowa kaseta na 2\u00d7500 arkuszy<\/td>\n<\/tr>\n<tr>\n<td><\/td>\n<td>Kaseta du\u017cej pojemno\u015bci na 2500 arkuszy A4<\/td>\n<\/tr>\n<tr>\n<td><\/td>\n<td>Podstawa pod urz\u0105dzenie<\/td>\n<\/tr>\n<tr>\n<td><\/td>\n<td>Modu\u0142 przekazuj\u0105cy (wymagany przy konfiguracji z finiszerami FS-534 i FS-534SD)<\/td>\n<\/tr>\n<tr>\n<td><\/td>\n<td>Stolik roboczy<\/td>\n<\/tr>\n<tr>\n<td><\/td>\n<td>Modu\u0142 faksu<\/td>\n<\/tr>\n<tr>\n<td><\/td>\n<td>Modu\u0142 mocuj\u0105cy klawiatur\u0119<\/td>\n<\/tr>\n<tr>\n<td><\/td>\n<td>Interfejs USB<\/td>\n<\/tr>\n<tr>\n<td><\/td>\n<td>Interfejs USB z Bluetooth<\/td>\n<\/tr>\n<tr>\n<td><\/td>\n<td>Czytnik biometryczny<\/td>\n<\/tr>\n<tr>\n<td><\/td>\n<td>Czytnik kart zbli\u017ceniowych<\/td>\n<\/tr>\n<tr>\n<td><\/td>\n<td>R\u00f3\u017cnorodne rozwi\u0105zania kart zbli\u017ceniowych<\/td>\n<\/tr>\n<tr>\n<td><\/td>\n<td>Modu\u0142 stempla dokument\u00f3w wychodz\u0105cych<\/td>\n<\/tr>\n<tr>\n<td><\/td>\n<td>i-Opcje (dodatkowe funkcje)<\/td>\n<\/tr>\n<tr>\n<td><\/td>\n<td>Adapter sieci bezprzewodowej WLAN<\/td>\n<\/tr>\n<tr>\n<td><\/td>\n<td>Klawiatura numeryczna<\/td>\n<\/tr>\n<\/tbody>\n<\/table>\n","protected":false},"excerpt":{"rendered":"<p>Wyj\u0105tkowo prosta i ergonomiczna obs\u0142uga Wygodne funkcje optymalizuj\u0105ce prac\u0119 Obs\u0142uga gramatur do 220\u00a0g\/m2 Liczne mo\u017cliwo\u015bci wyka\u0144czania Nieprzeci\u0119tne mo\u017cliwo\u015bci konfiguracji i dostosowania Rozdzielczo\u015b\u0107 druku 1800\u00d7600 dpi Oryginalny, nowoczesny wygl\u0105d Specyfikacja urz\u0105dzenia Budowa Konsolowa z wbudowanym skanerem Szybko\u015b\u0107 kopiowania 227\/287\/367 INEO 287 &hellip; <a href=\"https:\/\/xerograf.pl\/?product=develop-ineo227287367\">Continued<\/a><\/p>\n","protected":false},"featured_media":873,"comment_status":"closed","ping_status":"closed","template":"","meta":[],"product_cat":[32],"product_tag":[],"class_list":{"0":"post-872","1":"product","2":"type-product","3":"status-publish","4":"has-post-thumbnail","6":"product_cat-develop","8":"first","9":"instock","10":"shipping-taxable","11":"product-type-simple"},"acf":[],"_links":{"self":[{"href":"https:\/\/xerograf.pl\/index.php?rest_route=\/wp\/v2\/product\/872","targetHints":{"allow":["GET"]}}],"collection":[{"href":"https:\/\/xerograf.pl\/index.php?rest_route=\/wp\/v2\/product"}],"about":[{"href":"https:\/\/xerograf.pl\/index.php?rest_route=\/wp\/v2\/types\/product"}],"replies":[{"embeddable":true,"href":"https:\/\/xerograf.pl\/index.php?rest_route=%2Fwp%2Fv2%2Fcomments&post=872"}],"wp:featuredmedia":[{"embeddable":true,"href":"https:\/\/xerograf.pl\/index.php?rest_route=\/wp\/v2\/media\/873"}],"wp:attachment":[{"href":"https:\/\/xerograf.pl\/index.php?rest_route=%2Fwp%2Fv2%2Fmedia&parent=872"}],"wp:term":[{"taxonomy":"product_cat","embeddable":true,"href":"https:\/\/xerograf.pl\/index.php?rest_route=%2Fwp%2Fv2%2Fproduct_cat&post=872"},{"taxonomy":"product_tag","embeddable":true,"href":"https:\/\/xerograf.pl\/index.php?rest_route=%2Fwp%2Fv2%2Fproduct_tag&post=872"}],"curies":[{"name":"wp","href":"https:\/\/api.w.org\/{rel}","templated":true}]}}