{"id":1662,"date":"2021-08-23T18:37:39","date_gmt":"2021-08-23T18:37:39","guid":{"rendered":"https:\/\/xerograf.pl\/?post_type=product&#038;p=1662"},"modified":"2021-08-23T18:39:39","modified_gmt":"2021-08-23T18:39:39","slug":"konica-minolta-c3351-kolor-demo","status":"publish","type":"product","link":"https:\/\/xerograf.pl\/?product=konica-minolta-c3351-kolor-demo","title":{"rendered":"Konica Minolta C3351\/Kolor\/Demo"},"content":{"rendered":"<p><strong>Konica Minolta C3351 \/Kolor\/ Demo<\/strong><\/p>\n<p>Podstawowe dane techniczne:<\/p>\n<p><strong>Pierwsza kopia:<\/strong>\u00a07,2 sekundy<br \/>\n<strong>Szybko\u015b\u0107 drukowania:<\/strong>\u00a033 stron \/ min.<br \/>\n<strong>Rozdzielczo\u015b\u0107:<\/strong>\u00a0600 x 600 dpi<br \/>\n<strong>Czas ogrzewania:<\/strong>\u00a030 sekund<br \/>\n<strong>Gramatura papieru:<\/strong>\u00a052\u2013210 g\/m\u00b2<br \/>\n<strong>Zalecany rozmiar papieru:<\/strong>\u00a0A4, A5, A6<br \/>\n<strong>Wymiary:<\/strong>\u00a0555 x 584 x 603 mm<br \/>\n<strong>Waga:<\/strong>\u00a046,8 kg<\/p>\n<p>&nbsp;<\/p>\n<p><strong>Urz\u0105dzenie w standardzie wyposa\u017cone w:<\/strong><\/p>\n<ul>\n<li>Karta sieciowa<\/li>\n<li>Podajnik na 550 arkuszy<\/li>\n<li>Podajnik r\u0119czny (boczny)<\/li>\n<li>Dysk twardy 250 GB<\/li>\n<li>Pami\u0119\u0107 2GB\/4GB<\/li>\n<\/ul>\n<p><strong>Specyfikacja systemu<\/strong><\/p>\n<ul>\n<li>Pami\u0119\u0107 systemu: 1 GB (standard)<\/li>\n<li>Dysk twardy: 320 GB (ocja)<\/li>\n<li>Standardowe porty: 10-Base-T\/100-Base-TX\/1,000-Base-T Ethernet; USB 2.0<\/li>\n<li>Protoko\u0142y sieci: TCP\/IP (IPv4 \/ IPv6); SMB; LPD; IPP; SNMP; HTTP; HTTPS<\/li>\n<li>Typy bramek: Ethernet 802.2; Ethernet 802.3; Ethernet II; Ethernet SNAP<\/li>\n<li>Podajnik orygina\u0142\u00f3w dwustronnych: do 50 origina\u0142\u00f3w; A6 &#8211; A4; 50-110 g\/m2, RADF<\/li>\n<li>Rozmiary papieru: A6 &#8211; A4; rozmiar u\u017cytkownika\u30fbGramatura papieru: 60-210 g\/m2<\/li>\n<li>Pojemno\u015b\u0107 papieru (arkusze): Standard: 650 arkuszy<\/li>\n<li>: 1 650 arkuszy<\/li>\n<li>Standardowe podajniki papieru: Taca 1: \u00a0550 arkuszy, A6-A4, 60-210 g\/m\u00b2<\/li>\n<li>Taca 2: \u00a0(opcjonalnie) 500 arkuszy, A4, 60-90 g\/m\u00b2<\/li>\n<li>Automatyczny dupleks: A4; 60-210 g\/m\u00b2<\/li>\n<\/ul>\n","protected":false},"excerpt":{"rendered":"<p>Konica Minolta C3351 \/Kolor\/ Demo Podstawowe dane techniczne: Pierwsza kopia:\u00a07,2 sekundy Szybko\u015b\u0107 drukowania:\u00a033 stron \/ min. Rozdzielczo\u015b\u0107:\u00a0600 x 600 dpi Czas ogrzewania:\u00a030 sekund Gramatura papieru:\u00a052\u2013210 g\/m\u00b2 Zalecany rozmiar papieru:\u00a0A4, A5, A6 Wymiary:\u00a0555 x 584 x 603 mm Waga:\u00a046,8 kg &nbsp; &hellip; <a href=\"https:\/\/xerograf.pl\/?product=konica-minolta-c3351-kolor-demo\">Continued<\/a><\/p>\n","protected":false},"featured_media":1660,"comment_status":"closed","ping_status":"closed","template":"","meta":[],"product_cat":[35,34],"product_tag":[],"class_list":{"0":"post-1662","1":"product","2":"type-product","3":"status-publish","4":"has-post-thumbnail","6":"product_cat-konica-minolta","7":"product_cat-kserokopiarki-uzywane","9":"first","10":"instock","11":"shipping-taxable","12":"product-type-simple"},"acf":[],"_links":{"self":[{"href":"https:\/\/xerograf.pl\/index.php?rest_route=\/wp\/v2\/product\/1662","targetHints":{"allow":["GET"]}}],"collection":[{"href":"https:\/\/xerograf.pl\/index.php?rest_route=\/wp\/v2\/product"}],"about":[{"href":"https:\/\/xerograf.pl\/index.php?rest_route=\/wp\/v2\/types\/product"}],"replies":[{"embeddable":true,"href":"https:\/\/xerograf.pl\/index.php?rest_route=%2Fwp%2Fv2%2Fcomments&post=1662"}],"wp:featuredmedia":[{"embeddable":true,"href":"https:\/\/xerograf.pl\/index.php?rest_route=\/wp\/v2\/media\/1660"}],"wp:attachment":[{"href":"https:\/\/xerograf.pl\/index.php?rest_route=%2Fwp%2Fv2%2Fmedia&parent=1662"}],"wp:term":[{"taxonomy":"product_cat","embeddable":true,"href":"https:\/\/xerograf.pl\/index.php?rest_route=%2Fwp%2Fv2%2Fproduct_cat&post=1662"},{"taxonomy":"product_tag","embeddable":true,"href":"https:\/\/xerograf.pl\/index.php?rest_route=%2Fwp%2Fv2%2Fproduct_tag&post=1662"}],"curies":[{"name":"wp","href":"https:\/\/api.w.org\/{rel}","templated":true}]}}