{"id":1257,"date":"2020-01-27T09:49:20","date_gmt":"2020-01-27T09:49:20","guid":{"rendered":"https:\/\/xerograf.pl\/?post_type=product&#038;p=1257"},"modified":"2020-01-27T15:18:29","modified_gmt":"2020-01-27T15:18:29","slug":"develop-ineo-458-kolor-promocja-cenowa","status":"publish","type":"product","link":"https:\/\/xerograf.pl\/?product=develop-ineo-458-kolor-promocja-cenowa","title":{"rendered":"DEVELOP ineo+ 458 \/Kolor\/"},"content":{"rendered":"<p>Wielofunkcyjne urz\u0105dzenie kolorowe A3 <strong>Develop ineo+ 458<\/strong>\u00a0z podstaw\u0105\u00a0<strong>DK-510<\/strong>\u00a0i tac\u0105 wyj\u015bcia\u00a0<strong>OT-506<\/strong><\/p>\n<p><u>Opis:<\/u><\/p>\n<ul>\n<li>Wygodna obs\u0142uga urz\u0105dze\u0144 mobilnych<\/li>\n<li>\u0141atwa i intuicyjna obs\u0142uga panelu<\/li>\n<li>Dotykowa obs\u0142uga podobna do smartfona lub tabletu<\/li>\n<li>Mo\u017cliwo\u015b\u0107 personalizacji panelu sterowania<\/li>\n<li>Wyj\u0105tkowa wydajno\u015b\u0107 i niezawodno\u015b\u0107<\/li>\n<li>Elastyczne mo\u017cliwo\u015bci wyka\u0144czania prac i obs\u0142ugi medi\u00f3w<\/li>\n<li>Wszechstronna gama funkcji wp\u0142ywaj\u0105cych na bezpiecze\u0144stwo danych<\/li>\n<li>Niskie zu\u017cycie energii<\/li>\n<\/ul>\n<p><u>Funkcjonalno\u015b\u0107:<\/u><\/p>\n<ul>\n<li>Kopiowanie i drukowanie z pr\u0119dko\u015bci\u0105 do 45 str. A4 \/ minut\u0119 i do 22 str. A3 \/ minut\u0119 w kolorze i w czerni<\/li>\n<li>Skanowanie z pr\u0119dko\u015bci\u0105 do 120\/240 obraz\u00f3w na minut\u0119 (jednostronnie \/ dwustronnie)<\/li>\n<li>Obs\u0142uga format\u00f3w banerowych o d\u0142ugo\u015bci do 1200 mm<\/li>\n<li>Opcjonalny fax z Super-G3 oferuj\u0105cy szybk\u0105 transmisj\u0119<\/li>\n<li>Wbudowany kontroler 1.6 GHz<\/li>\n<\/ul>\n<p><u>Standardowe wyposa\u017cenie zawiera:<\/u><\/p>\n<ul>\n<li><strong>Jednoprzebiegowy podajnik dokument\u00f3w typu dual skan<\/strong><\/li>\n<li>Kaseta na 500 arkuszy (A5-A3, 52-256 g\/m2)<\/li>\n<li>Kaseta na 500 arkuszy (A5-SRA3, 52-256 g\/m2)<\/li>\n<li>Podajnik r\u0119czny o pojemno\u015bci do 150 arkuszy (A6-SRA3; szeroko\u015b\u0107 od 90 do 320 mm, d\u0142ugo\u015b\u0107 od 139.7 do 1200 mm, 60-300 g\/m2)<\/li>\n<li>Karta sieciowa<\/li>\n<li>Dupleks<\/li>\n<li>4 GB pami\u0119ci RAM i 250 GB HDD<\/li>\n<\/ul>\n<p><u>Minimalna konfiguracja wymaga doposa\u017cenia o:<\/u><\/p>\n<ul>\n<li>Komplet toner\u00f3w TN-514 C|M|Y|K<\/li>\n<\/ul>\n<p>W celu konfiguracji urz\u0105dzenia prosimy o kontakt z przedstawicielem naszej firmy pod nr. telefonu 22 678 22 77 lub zak\u0142adka <span style=\"color: #000080;\"><strong>KONTAKT<\/strong><\/span><\/p>\n","protected":false},"excerpt":{"rendered":"<p>Wielofunkcyjne urz\u0105dzenie kolorowe A3 Develop ineo+ 458\u00a0z podstaw\u0105\u00a0DK-510\u00a0i tac\u0105 wyj\u015bcia\u00a0OT-506 Opis: Wygodna obs\u0142uga urz\u0105dze\u0144 mobilnych \u0141atwa i intuicyjna obs\u0142uga panelu Dotykowa obs\u0142uga podobna do smartfona lub tabletu Mo\u017cliwo\u015b\u0107 personalizacji panelu sterowania Wyj\u0105tkowa wydajno\u015b\u0107 i niezawodno\u015b\u0107 Elastyczne mo\u017cliwo\u015bci wyka\u0144czania prac i &hellip; <a href=\"https:\/\/xerograf.pl\/?product=develop-ineo-458-kolor-promocja-cenowa\">Continued<\/a><\/p>\n","protected":false},"featured_media":1258,"comment_status":"closed","ping_status":"closed","template":"","meta":[],"product_cat":[32],"product_tag":[],"class_list":{"0":"post-1257","1":"product","2":"type-product","3":"status-publish","4":"has-post-thumbnail","6":"product_cat-develop","8":"first","9":"instock","10":"shipping-taxable","11":"product-type-simple"},"acf":[],"_links":{"self":[{"href":"https:\/\/xerograf.pl\/index.php?rest_route=\/wp\/v2\/product\/1257","targetHints":{"allow":["GET"]}}],"collection":[{"href":"https:\/\/xerograf.pl\/index.php?rest_route=\/wp\/v2\/product"}],"about":[{"href":"https:\/\/xerograf.pl\/index.php?rest_route=\/wp\/v2\/types\/product"}],"replies":[{"embeddable":true,"href":"https:\/\/xerograf.pl\/index.php?rest_route=%2Fwp%2Fv2%2Fcomments&post=1257"}],"wp:featuredmedia":[{"embeddable":true,"href":"https:\/\/xerograf.pl\/index.php?rest_route=\/wp\/v2\/media\/1258"}],"wp:attachment":[{"href":"https:\/\/xerograf.pl\/index.php?rest_route=%2Fwp%2Fv2%2Fmedia&parent=1257"}],"wp:term":[{"taxonomy":"product_cat","embeddable":true,"href":"https:\/\/xerograf.pl\/index.php?rest_route=%2Fwp%2Fv2%2Fproduct_cat&post=1257"},{"taxonomy":"product_tag","embeddable":true,"href":"https:\/\/xerograf.pl\/index.php?rest_route=%2Fwp%2Fv2%2Fproduct_tag&post=1257"}],"curies":[{"name":"wp","href":"https:\/\/api.w.org\/{rel}","templated":true}]}}