{"id":1079,"date":"2019-11-11T14:45:58","date_gmt":"2019-11-11T14:45:58","guid":{"rendered":"https:\/\/xerograf.pl\/?post_type=product&#038;p=1079"},"modified":"2019-11-11T15:46:54","modified_gmt":"2019-11-11T15:46:54","slug":"develop-ineo287-kopia","status":"publish","type":"product","link":"https:\/\/xerograf.pl\/?product=develop-ineo287-kopia","title":{"rendered":"DEVELOP ineo+ 250i \/Kolor\/"},"content":{"rendered":"<p>Kolorowe urz\u0105dzenie wielofunkcyjne A3 Develop ineo+ 250i<\/p>\n<p><u>Opis:<\/u><\/p>\n<ul>\n<li>Wygodna obs\u0142uga urz\u0105dze\u0144 mobilnych<\/li>\n<li>\u0141atwa i intuicyjna obs\u0142uga panelu<\/li>\n<li>Dotykowa obs\u0142uga podobna do smartfona lub tabletu<\/li>\n<li>Mo\u017cliwo\u015b\u0107 personalizacji panelu sterowania<\/li>\n<li>Elastyczne mo\u017cliwo\u015bci wyka\u0144czania prac i obs\u0142ugi medi\u00f3w<\/li>\n<li>Wszechstronna gama funkcji wp\u0142ywaj\u0105cych na bezpiecze\u0144stwo danych<\/li>\n<li>Niskie zu\u017cycie energii<\/li>\n<\/ul>\n<p><u>Funkcjonalno\u015b\u0107:<\/u><\/p>\n<ul>\n<li>Kopiowanie i drukowanie z pr\u0119dko\u015bci\u0105 do 25 str. A4 \/ minut\u0119 i do 15 str. A3 \/ minut\u0119 w kolorze i w czerni<\/li>\n<li>Skanowanie z pr\u0119dko\u015bci\u0105 do\u00a0200 obraz\u00f3w na minut\u0119 (z podajnikiem dokument\u00f3w typu dual skan)<\/li>\n<li>Obs\u0142uga format\u00f3w banerowych o d\u0142ugo\u015bci do 1200 mm<\/li>\n<li>Opcjonalny fax z Super-G3 oferuj\u0105cy szybk\u0105 transmisj\u0119<\/li>\n<li>Wbudowany kontroler\u00a02.4 Ghz<\/li>\n<\/ul>\n<p><u>Standardowe wyposa\u017cenie zawiera:<\/u><\/p>\n<ul>\n<li>Kaseta na 500 arkuszy (B5-A3, 52-256 g\/m2)<\/li>\n<li>Kaseta na 500 arkuszy (B5-SRA3, 52-256 g\/m2)<\/li>\n<li>Podajnik r\u0119czny o pojemno\u015bci do 150 arkuszy (A5-SRA3; szeroko\u015b\u0107 od 90 do 320 mm, d\u0142ugo\u015b\u0107 od 139.7 do 1 200 mm, 52-300 g\/m2)<\/li>\n<li>Karta sieciowa<\/li>\n<li>Dupleks<\/li>\n<li>8 GB pami\u0119ci RAM i 256 GB HDD<\/li>\n<\/ul>\n<p><u>Minimalna konfiguracja wymaga doposa\u017cenia o:<\/u><\/p>\n<ul>\n<li>Podajnik dokument\u00f3w DF-632 lub OT-511<\/li>\n<li>Podstawa pod urz\u0105dzenie DK-516x<\/li>\n<li>Komplet toner\u00f3w TN-328\u00a0C|M|Y|K<\/li>\n<\/ul>\n<p>W celu konfiguracji urz\u0105dzenia prosimy o kontakt z przedstawicielem naszej firmy pod nr. telefonu 22 678 22 77 lub zak\u0142adka <span style=\"color: #000080;\"><strong>KONTAKT<\/strong><\/span><\/p>\n","protected":false},"excerpt":{"rendered":"<p>Kolorowe urz\u0105dzenie wielofunkcyjne A3 Develop ineo+ 250i Opis: Wygodna obs\u0142uga urz\u0105dze\u0144 mobilnych \u0141atwa i intuicyjna obs\u0142uga panelu Dotykowa obs\u0142uga podobna do smartfona lub tabletu Mo\u017cliwo\u015b\u0107 personalizacji panelu sterowania Elastyczne mo\u017cliwo\u015bci wyka\u0144czania prac i obs\u0142ugi medi\u00f3w Wszechstronna gama funkcji wp\u0142ywaj\u0105cych na &hellip; <a href=\"https:\/\/xerograf.pl\/?product=develop-ineo287-kopia\">Continued<\/a><\/p>\n","protected":false},"featured_media":1081,"comment_status":"closed","ping_status":"closed","template":"","meta":[],"product_cat":[32],"product_tag":[],"class_list":{"0":"post-1079","1":"product","2":"type-product","3":"status-publish","4":"has-post-thumbnail","6":"product_cat-develop","8":"first","9":"instock","10":"shipping-taxable","11":"product-type-simple"},"acf":[],"_links":{"self":[{"href":"https:\/\/xerograf.pl\/index.php?rest_route=\/wp\/v2\/product\/1079","targetHints":{"allow":["GET"]}}],"collection":[{"href":"https:\/\/xerograf.pl\/index.php?rest_route=\/wp\/v2\/product"}],"about":[{"href":"https:\/\/xerograf.pl\/index.php?rest_route=\/wp\/v2\/types\/product"}],"replies":[{"embeddable":true,"href":"https:\/\/xerograf.pl\/index.php?rest_route=%2Fwp%2Fv2%2Fcomments&post=1079"}],"wp:featuredmedia":[{"embeddable":true,"href":"https:\/\/xerograf.pl\/index.php?rest_route=\/wp\/v2\/media\/1081"}],"wp:attachment":[{"href":"https:\/\/xerograf.pl\/index.php?rest_route=%2Fwp%2Fv2%2Fmedia&parent=1079"}],"wp:term":[{"taxonomy":"product_cat","embeddable":true,"href":"https:\/\/xerograf.pl\/index.php?rest_route=%2Fwp%2Fv2%2Fproduct_cat&post=1079"},{"taxonomy":"product_tag","embeddable":true,"href":"https:\/\/xerograf.pl\/index.php?rest_route=%2Fwp%2Fv2%2Fproduct_tag&post=1079"}],"curies":[{"name":"wp","href":"https:\/\/api.w.org\/{rel}","templated":true}]}}