{"id":97,"date":"2015-03-14T20:25:39","date_gmt":"2015-03-14T20:25:39","guid":{"rendered":"https:\/\/xerograf.pl\/?page_id=97"},"modified":"2016-08-20T12:15:27","modified_gmt":"2016-08-20T12:15:27","slug":"materialy-eksploatacyjne","status":"publish","type":"page","link":"https:\/\/xerograf.pl\/?page_id=97","title":{"rendered":"Eksploatacja"},"content":{"rendered":"<p><strong>TUSZE, TONERY, ASORTYMENT PAPIERNICZY<\/strong><\/p>\n<p><strong><span style=\"color: #ff0000;\">XERO<\/span><span style=\"color: #0000ff;\">GRAF<\/span><\/strong>\u00a0oferuje oryginalne i zamienne materia\u0142y eksploatacyjne ponad 35 marek m.in. :<strong>Canon, Panasonic<\/strong>,<strong>Konica Minolta, Develop,\u00a0Hewlett Packard, Samsung, Lexmark, Kyocera, Sharp, Toshiba, Epson<\/strong>.<br \/>\nSzczeg\u00f3lnie polecamy tusze i tonery marki\u00a0<strong>GNS<\/strong>\u00a0(marki w\u0142asnej, kt\u00f3rej jeste\u015bmy g\u0142\u00f3wnym dystrybutorem na Polsk\u0119). Materia\u0142y eksploatacyjne marki <strong>GNS<\/strong> polecamy Klientom, kt\u00f3rym zale\u017cy na zmniejszeniu koszt\u00f3w eksploatacji przy zachowaniu jako\u015bci<br \/>\ni wydajno\u015bci druku. Oferujemy konkurencyjne ceny i profesjonaln\u0105 obs\u0142ug\u0119.<br \/>\nWszystkie oferowane przez nas produkty obj\u0119te s\u0105 pe\u0142na gwarancj\u0105 i posiadaj\u0105 certyfikat ISO.<br \/>\nPonadto,firma\u00a0<strong><span style=\"color: #ff0000;\">XERO<\/span><span style=\"color: #0000ff;\">GRAF<\/span><\/strong>\u00a0oferuje pe\u0142en asortyment produkt\u00f3w\u00a0<strong>papierniczych i biurowych\u00a0<\/strong>takich jak: papier do kserokopiarek, drukarek, papier termiczny, papier do \u00a0drukarek wieloformatowych (ploter\u00f3w).<\/p>\n","protected":false},"excerpt":{"rendered":"<p>TUSZE, TONERY, ASORTYMENT PAPIERNICZY XEROGRAF\u00a0oferuje oryginalne i zamienne materia\u0142y eksploatacyjne ponad 35 marek m.in. :Canon, Panasonic,Konica Minolta, Develop,\u00a0Hewlett Packard, Samsung, Lexmark, Kyocera, Sharp, Toshiba, Epson. Szczeg\u00f3lnie polecamy tusze i tonery marki\u00a0GNS\u00a0(marki w\u0142asnej, kt\u00f3rej jeste\u015bmy g\u0142\u00f3wnym dystrybutorem na Polsk\u0119). Materia\u0142y eksploatacyjne &hellip; <a href=\"https:\/\/xerograf.pl\/?page_id=97\">Continued<\/a><\/p>\n","protected":false},"author":1,"featured_media":0,"parent":0,"menu_order":0,"comment_status":"closed","ping_status":"open","template":"page-fullwidth.php","meta":{"footnotes":""},"class_list":["post-97","page","type-page","status-publish","hentry"],"acf":[],"_links":{"self":[{"href":"https:\/\/xerograf.pl\/index.php?rest_route=\/wp\/v2\/pages\/97","targetHints":{"allow":["GET"]}}],"collection":[{"href":"https:\/\/xerograf.pl\/index.php?rest_route=\/wp\/v2\/pages"}],"about":[{"href":"https:\/\/xerograf.pl\/index.php?rest_route=\/wp\/v2\/types\/page"}],"author":[{"embeddable":true,"href":"https:\/\/xerograf.pl\/index.php?rest_route=\/wp\/v2\/users\/1"}],"replies":[{"embeddable":true,"href":"https:\/\/xerograf.pl\/index.php?rest_route=%2Fwp%2Fv2%2Fcomments&post=97"}],"version-history":[{"count":8,"href":"https:\/\/xerograf.pl\/index.php?rest_route=\/wp\/v2\/pages\/97\/revisions"}],"predecessor-version":[{"id":896,"href":"https:\/\/xerograf.pl\/index.php?rest_route=\/wp\/v2\/pages\/97\/revisions\/896"}],"wp:attachment":[{"href":"https:\/\/xerograf.pl\/index.php?rest_route=%2Fwp%2Fv2%2Fmedia&parent=97"}],"curies":[{"name":"wp","href":"https:\/\/api.w.org\/{rel}","templated":true}]}}